{"id":1388,"date":"2022-10-18T04:53:41","date_gmt":"2022-10-18T02:53:41","guid":{"rendered":"https:\/\/makerart.es\/explorar\/makers\/ver\/maria-varona\/"},"modified":"2022-10-18T11:47:01","modified_gmt":"2022-10-18T09:47:01","slug":"maria-varona","status":"publish","type":"entity","link":"https:\/\/makerart.es\/explorar\/makers\/ver\/maria-varona\/","title":{"rendered":"Maria Varona"},"content":{"rendered":"<p class=\"MsoNormal\" style=\"line-height: normal;margin: 0cm -25.9pt 10.0pt 0cm\">Mar\u00eda Varona Gandulfo. \u00a0\u00a0\u00a0Sevilla\u00a0\u00a0\u00a0\u00a0\u00a0\u00a0\u00a0\u00a0\u00a0\u00a0\u00a0 \u00a01968\u00a0\u00a0\u00a0\u00a0\u00a0\u00a0\u00a0\u00a0\u00a0\u00a0 mariavaronagandulfo@gmail.com<\/p>\n<p class=\"MsoNormal\" style=\"line-height: normal;margin: 0cm -25.9pt 0cm 0cm\">FORMACI\u00d3N<\/p>\n<p class=\"MsoNormal\" style=\"line-height: normal;margin: 0cm -25.9pt 0cm 0cm\">1998 Arquitecto ETSAS. 2005 MASTER Museograf\u00eda Cajasol<\/p>\n<p class=\"MsoNormal\" style=\"line-height: normal;margin: 0cm -25.9pt 10.0pt 0cm\">2011\/18 Formaci\u00f3n no reglada, ha sido alumna en cursos de PINTURA EN SEDA Y FIELTRO de perfil nacional e internacional (Margaret de Arcos, Nuna, Bego\u00f1a Ordas, Majorlein Darlinga, Annette Quentin-Stoll).<\/p>\n<p class=\"MsoNormal\" style=\"line-height: normal;margin: 0cm -25.9pt 10.0pt 0cm\">Hasta 2016 Socia de la ACTM, Asociaci\u00f3n de Creadores Textiles de Madrid. Colaborando en exposiciones en Madrid bajo la direcci\u00f3n de Lala de Dios.<\/p>\n<p class=\"MsoNormal\" style=\"line-height: normal;margin: 0cm -25.9pt 10.0pt 0cm\">2011\/21 Taller Textil propio, producci\u00f3n de proyectos textiles por encargo, arte, interiorismo e indumentaria.<\/p>\n<p class=\"MsoNormal\" style=\"line-height: normal;margin: 0cm -25.9pt 10.0pt 0cm\">2018\/2020 Creaci\u00f3n de la marca textil NUNONINA de textil decorativo e interiorismo<\/p>\n<p class=\"MsoNormal\" style=\"line-height: normal;margin: 0cm -25.9pt 10.0pt 0cm\">2021\/2022 MARIAVARONATEXTIL, obras textiles para exposiciones y galer\u00edas de arte GALERIA GAUDI, Madrid y exposiciones colectivas<\/p>\n<p class=\"MsoNormal\" style=\"line-height: normal;margin: 0cm -25.9pt 10.0pt 0cm\">2022 octubre ARS NATURA ARTE Y NATURALEZA Reales Alcazares SEVILLA<\/p>\n<p>&nbsp;<\/p>\n<p class=\"MsoNormal\" style=\"line-height: normal;margin: 0cm -25.9pt 10.0pt 0cm\">PREMIOS<\/p>\n<p class=\"MsoNormal\" style=\"line-height: normal;margin: 0cm -25.9pt 10.0pt 0cm\">2012 Exposici\u00f3n Del oficio al arte. PRIMER PREMIO Pieza Antropom\u00f3rfica<\/p>\n<p class=\"MsoNormal\" style=\"line-height: normal;margin: 0cm -25.9pt 10.0pt 0cm\">2016 Premio Mejor Producto y Trayectoria del taller Feria CREATIVA de Navidad de Sevilla<\/p>\n<p class=\"MsoNormal\" style=\"line-height: normal;margin: 0cm -25.9pt 10.0pt 0cm\">2019 y 2021\u00a0 FINALISTA ART- FAD obras EL JARDIN SO\u00d1ADO y DESBORDAMIENTOS<\/p>\n<p class=\"MsoNormal\" style=\"line-height: normal;margin: 0cm -25.9pt 10.0pt 0cm\">EXPOSICIONES COLECTIVAS<\/p>\n<p class=\"MsoNormal\" style=\"line-height: normal;margin: 0cm -25.9pt 10.0pt 0cm\">2014 Exposici\u00f3n nacional sobre arquitectura y dise\u00f1o XL\/XS Valencia. Pieza Antropom\u00f3rfica<\/p>\n<p class=\"MsoNormal\" style=\"line-height: normal;margin: 0cm -25.9pt 10.0pt 0cm\">2016 FERIA DE ARTE CONTEMPORANEO \u00a8SEVILLA SACO. Exposici\u00f3n colectiva de dos piezas textiles stand Hecho en Sevilla.<\/p>\n<p class=\"MsoNormal\" style=\"line-height: normal;margin: 0cm -25.9pt 10.0pt 0cm\">2018 Obra conjunta EL JARDIN SO\u00d1ADO, en torno al personaje Maria de Padilla con M\u00f3nica Huang en exposici\u00f3n Creadores en torno al Alc\u00e1zar.<\/p>\n<p class=\"MsoNormal\" style=\"line-height: normal;margin: 0cm -25.9pt 10.0pt 0cm\">2021. MARIA VARONA TEXTIL, exposici\u00f3n APERITIVO EN PARIS , GALERIA GAUDI. MADRID, FEBRERO 2021<\/p>\n<p class=\"MsoNormal\" style=\"line-height: normal;margin: 0cm -25.9pt 10.0pt 0cm\">2021. MARIA VARONA TEXTIL, exposici\u00f3n ART 3F PARIS , GALERIA GAUDI. PARIS JUNIO 2021<\/p>\n<p class=\"MsoNormal\" style=\"line-height: normal;margin: 0cm -25.9pt 10.0pt 0cm\">2021 SEVILLA \u2013 2022 CACERES <a href=\"https:\/\/espasado.net\/\">ESPASA-DO (espasado.net)<\/a> ARTE Y ENCICLOPEDIA<\/p>\n<p class=\"MsoNormal\" style=\"line-height: normal;margin: 0cm -25.9pt 10.0pt 0cm\">EXPOSICIONES INDIVIDUALES<\/p>\n<p class=\"MsoNormal\" style=\"line-height: normal;margin: 0cm -25.9pt 10.0pt 0cm\">2019. Maria Varona by NUNONINA, exposici\u00f3n OR\u00cdGENES I. COLEGIO OFICIAL DE ARQUITECTOS DE SEVILLA. 09-2019<\/p>\n<p class=\"MsoNormal\" style=\"line-height: normal;margin: 0cm -25.9pt 10.0pt 0cm\">2020. Maria Varona by NUNONINA, exposici\u00f3n OR\u00cdGENES I. RESTAURANTE DE LA O- SEVILLA. Colaboraci\u00f3n con M\u00f3nica Huang. FEBRERO 20<\/p>\n<p>2020. Maria Varona by NUNONINA, exposici\u00f3n OR\u00cdGENES I. COLEGIO OFICIAL DE ARQUITECTOS DE CADIZ. Colaboraci\u00f3n con M\u00f3nica Huang. SEPTIEMBRE 2020<\/p>\n","protected":false},"author":292,"featured_media":0,"template":"","tags":[],"entity_type":[59],"disciplina_artesano":[239],"disciplina_artista":[309],"disciplina_disenador":[244],"disciplina_maker":[279],"tipo_entidad":[],"tipo_organizacion":[],"_links":{"self":[{"href":"https:\/\/makerart.es\/API\/wp\/v2\/entity\/1388"}],"collection":[{"href":"https:\/\/makerart.es\/API\/wp\/v2\/entity"}],"about":[{"href":"https:\/\/makerart.es\/API\/wp\/v2\/types\/entity"}],"author":[{"embeddable":true,"href":"https:\/\/makerart.es\/API\/wp\/v2\/users\/292"}],"wp:attachment":[{"href":"https:\/\/makerart.es\/API\/wp\/v2\/media?parent=1388"}],"wp:term":[{"taxonomy":"post_tag","embeddable":true,"href":"https:\/\/makerart.es\/API\/wp\/v2\/tags?post=1388"},{"taxonomy":"entity_type","embeddable":true,"href":"https:\/\/makerart.es\/API\/wp\/v2\/entity_type?post=1388"},{"taxonomy":"disciplina_artesano","embeddable":true,"href":"https:\/\/makerart.es\/API\/wp\/v2\/disciplina_artesano?post=1388"},{"taxonomy":"disciplina_artista","embeddable":true,"href":"https:\/\/makerart.es\/API\/wp\/v2\/disciplina_artista?post=1388"},{"taxonomy":"disciplina_disenador","embeddable":true,"href":"https:\/\/makerart.es\/API\/wp\/v2\/disciplina_disenador?post=1388"},{"taxonomy":"disciplina_maker","embeddable":true,"href":"https:\/\/makerart.es\/API\/wp\/v2\/disciplina_maker?post=1388"},{"taxonomy":"tipo_entidad","embeddable":true,"href":"https:\/\/makerart.es\/API\/wp\/v2\/tipo_entidad?post=1388"},{"taxonomy":"tipo_organizacion","embeddable":true,"href":"https:\/\/makerart.es\/API\/wp\/v2\/tipo_organizacion?post=1388"}],"curies":[{"name":"wp","href":"https:\/\/api.w.org\/{rel}","templated":true}]}}

<p class="MsoNormal" style="line-height: normal;margin: 0cm -25.9pt 10.0pt 0cm">María Varona Gandulfo.    Sevilla             1968           mariavaronagandulfo@gmail.com</p>
<p class="MsoNormal" style="line-height: normal;margin: 0cm -25.9pt 0cm 0cm">FORMACIÓN</p>
<p class="MsoNormal" style="line-height: normal;margin: 0cm -25.9pt 0cm 0cm">1998 Arquitecto ETSAS. 2005 MASTER Museografía Cajasol</p>
<p class="MsoNormal" style="line-height: normal;margin: 0cm -25.9pt 10.0pt 0cm">2011/18 Formación no reglada, ha sido alumna en cursos de PINTURA EN SEDA Y FIELTRO de perfil nacional e internacional (Margaret de Arcos, Nuna, Begoña Ordas, Majorlein Darlinga, Annette Quentin-Stoll).</p>
<p class="MsoNormal" style="line-height: normal;margin: 0cm -25.9pt 10.0pt 0cm">Hasta 2016 Socia de la ACTM, Asociación de Creadores Textiles de Madrid. Colaborando en exposiciones en Madrid bajo la dirección de Lala de Dios.</p>
<p class="MsoNormal" style="line-height: normal;margin: 0cm -25.9pt 10.0pt 0cm">2011/21 Taller Textil propio, producción de proyectos textiles por encargo, arte, interiorismo e indumentaria.</p>
<p class="MsoNormal" style="line-height: normal;margin: 0cm -25.9pt 10.0pt 0cm">2018/2020 Creación de la marca textil NUNONINA de textil decorativo e interiorismo</p>
<p class="MsoNormal" style="line-height: normal;margin: 0cm -25.9pt 10.0pt 0cm">2021/2022 MARIAVARONATEXTIL, obras textiles para exposiciones y galerías de arte GALERIA GAUDI, Madrid y exposiciones colectivas</p>
<p class="MsoNormal" style="line-height: normal;margin: 0cm -25.9pt 10.0pt 0cm">2022 octubre ARS NATURA ARTE Y NATURALEZA Reales Alcazares SEVILLA</p>
<p>&nbsp;</p>
<p class="MsoNormal" style="line-height: normal;margin: 0cm -25.9pt 10.0pt 0cm">PREMIOS</p>
<p class="MsoNormal" style="line-height: normal;margin: 0cm -25.9pt 10.0pt 0cm">2012 Exposición Del oficio al arte. PRIMER PREMIO Pieza Antropomórfica</p>
<p class="MsoNormal" style="line-height: normal;margin: 0cm -25.9pt 10.0pt 0cm">2016 Premio Mejor Producto y Trayectoria del taller Feria CREATIVA de Navidad de Sevilla</p>
<p class="MsoNormal" style="line-height: normal;margin: 0cm -25.9pt 10.0pt 0cm">2019 y 2021  FINALISTA ART- FAD obras EL JARDIN SOÑADO y DESBORDAMIENTOS</p>
<p class="MsoNormal" style="line-height: normal;margin: 0cm -25.9pt 10.0pt 0cm">EXPOSICIONES COLECTIVAS</p>
<p class="MsoNormal" style="line-height: normal;margin: 0cm -25.9pt 10.0pt 0cm">2014 Exposición nacional sobre arquitectura y diseño XL/XS Valencia. Pieza Antropomórfica</p>
<p class="MsoNormal" style="line-height: normal;margin: 0cm -25.9pt 10.0pt 0cm">2016 FERIA DE ARTE CONTEMPORANEO ¨SEVILLA SACO. Exposición colectiva de dos piezas textiles stand Hecho en Sevilla.</p>
<p class="MsoNormal" style="line-height: normal;margin: 0cm -25.9pt 10.0pt 0cm">2018 Obra conjunta EL JARDIN SOÑADO, en torno al personaje Maria de Padilla con Mónica Huang en exposición Creadores en torno al Alcázar.</p>
<p class="MsoNormal" style="line-height: normal;margin: 0cm -25.9pt 10.0pt 0cm">2021. MARIA VARONA TEXTIL, exposición APERITIVO EN PARIS , GALERIA GAUDI. MADRID, FEBRERO 2021</p>
<p class="MsoNormal" style="line-height: normal;margin: 0cm -25.9pt 10.0pt 0cm">2021. MARIA VARONA TEXTIL, exposición ART 3F PARIS , GALERIA GAUDI. PARIS JUNIO 2021</p>
<p class="MsoNormal" style="line-height: normal;margin: 0cm -25.9pt 10.0pt 0cm">2021 SEVILLA – 2022 CACERES <a href="https://espasado.net/">ESPASA-DO (espasado.net)</a> ARTE Y ENCICLOPEDIA</p>
<p class="MsoNormal" style="line-height: normal;margin: 0cm -25.9pt 10.0pt 0cm">EXPOSICIONES INDIVIDUALES</p>
<p class="MsoNormal" style="line-height: normal;margin: 0cm -25.9pt 10.0pt 0cm">2019. Maria Varona by NUNONINA, exposición ORÍGENES I. COLEGIO OFICIAL DE ARQUITECTOS DE SEVILLA. 09-2019</p>
<p class="MsoNormal" style="line-height: normal;margin: 0cm -25.9pt 10.0pt 0cm">2020. Maria Varona by NUNONINA, exposición ORÍGENES I. RESTAURANTE DE LA O- SEVILLA. Colaboración con Mónica Huang. FEBRERO 20</p>
<p>2020. Maria Varona by NUNONINA, exposición ORÍGENES I. COLEGIO OFICIAL DE ARQUITECTOS DE CADIZ. Colaboración con Mónica Huang. SEPTIEMBRE 2020</p>
