{"id":439,"date":"2021-06-09T13:02:11","date_gmt":"2021-06-09T11:02:11","guid":{"rendered":"https:\/\/makerart.es\/explorar\/proyectos\/ver\/guia-ilustrada-sobre-los-ritos-magico-simbolicos-iberos-en-las-zonas-de-granada-y-jaen\/"},"modified":"2021-06-09T13:02:11","modified_gmt":"2021-06-09T11:02:11","slug":"guia-ilustrada-sobre-los-ritos-magico-simbolicos-iberos-en-las-zonas-de-granada-y-jaen","status":"publish","type":"project","link":"https:\/\/makerart.es\/explorar\/proyectos\/ver\/guia-ilustrada-sobre-los-ritos-magico-simbolicos-iberos-en-las-zonas-de-granada-y-jaen\/","title":{"rendered":"Gu\u00eda ilustrada sobre los ritos m\u00e1gico-simb\u00f3licos \u00edberos en las zonas de Granada y Ja\u00e9n"},"content":{"rendered":"","protected":false},"author":1,"featured_media":0,"template":"","tags":[],"project_process_type":[],"project_thematic_area":[],"project_institutional_level":[],"participants_target":[],"disciplina_artesano":[],"disciplina_artista":[],"disciplina_disenador":[],"disciplina_maker":[],"_links":{"self":[{"href":"https:\/\/makerart.es\/API\/wp\/v2\/project\/439"}],"collection":[{"href":"https:\/\/makerart.es\/API\/wp\/v2\/project"}],"about":[{"href":"https:\/\/makerart.es\/API\/wp\/v2\/types\/project"}],"author":[{"embeddable":true,"href":"https:\/\/makerart.es\/API\/wp\/v2\/users\/1"}],"wp:attachment":[{"href":"https:\/\/makerart.es\/API\/wp\/v2\/media?parent=439"}],"wp:term":[{"taxonomy":"post_tag","embeddable":true,"href":"https:\/\/makerart.es\/API\/wp\/v2\/tags?post=439"},{"taxonomy":"project_process_type","embeddable":true,"href":"https:\/\/makerart.es\/API\/wp\/v2\/project_process_type?post=439"},{"taxonomy":"project_thematic_area","embeddable":true,"href":"https:\/\/makerart.es\/API\/wp\/v2\/project_thematic_area?post=439"},{"taxonomy":"project_institutional_level","embeddable":true,"href":"https:\/\/makerart.es\/API\/wp\/v2\/project_institutional_level?post=439"},{"taxonomy":"participants_target","embeddable":true,"href":"https:\/\/makerart.es\/API\/wp\/v2\/participants_target?post=439"},{"taxonomy":"disciplina_artesano","embeddable":true,"href":"https:\/\/makerart.es\/API\/wp\/v2\/disciplina_artesano?post=439"},{"taxonomy":"disciplina_artista","embeddable":true,"href":"https:\/\/makerart.es\/API\/wp\/v2\/disciplina_artista?post=439"},{"taxonomy":"disciplina_disenador","embeddable":true,"href":"https:\/\/makerart.es\/API\/wp\/v2\/disciplina_disenador?post=439"},{"taxonomy":"disciplina_maker","embeddable":true,"href":"https:\/\/makerart.es\/API\/wp\/v2\/disciplina_maker?post=439"}],"curies":[{"name":"wp","href":"https:\/\/api.w.org\/{rel}","templated":true}]}}

Guía ilustrada sobre los ritos mágico-simbólicos íberos en las zonas de Granada y Jaén
